{"id":39,"date":"2024-06-30T20:39:37","date_gmt":"2024-06-30T18:39:37","guid":{"rendered":"https:\/\/napelem-felulvizsgalat.hu\/?page_id=39"},"modified":"2024-06-30T20:39:58","modified_gmt":"2024-06-30T18:39:58","slug":"impresszum","status":"publish","type":"page","link":"https:\/\/napelem-felulvizsgalat.hu\/index.php\/impresszum\/","title":{"rendered":"Impresszum"},"content":{"rendered":"<p>&nbsp;<\/p>\n<p>&nbsp;<\/p>\n<p>&nbsp;<\/p>\n<p>&nbsp;<\/p>\n<p>&nbsp;<\/p>\n<p>V\u00e1llalkoz\u00e1s adatai: Ni-Ja Bt. 8500 P\u00e1pa, Hunyadi u. 4.<\/p>\n<p>Ad\u00f3sz\u00e1m: 27032349-2-19<\/p>\n<p>C\u00e9gjegyz\u00e9ksz\u00e1m: 19-06-510071<\/p>\n<p>Bejegyz\u0151 b\u00edr\u00f3s\u00e1g: Veszpr\u00e9m V\u00e1rmegyei C\u00e9gb\u00edr\u00f3s\u00e1g<\/p>\n<p>C\u00e9g weboldal: www.allfree.hu<\/p>\n<p>Telefonsz\u00e1m: + 36 70 332 85 70<\/p>\n<p>E-mail: bj kukac allfreedothu<\/p>\n<p>&nbsp;<\/p>\n<p>T\u00e1rhelyszolg\u00e1ltat\u00f3:<\/p>\n<p>Ni-Ja Bt. 8500 P\u00e1pa, Hunyadi u. 4.<\/p>\n<p>Ad\u00f3sz\u00e1m: 27032349-2-19<\/p>\n<p>C\u00e9gjegyz\u00e9ksz\u00e1m: 19-06-510071<\/p>\n<p>Bejegyz\u0151 b\u00edr\u00f3s\u00e1g: Veszpr\u00e9m V\u00e1rmegyei C\u00e9gb\u00edr\u00f3s\u00e1g<\/p>\n<p>C\u00e9g weboldal: www.allfree.hu<\/p>\n<p>Telefonsz\u00e1m: + 36 70 332 85 70<\/p>\n<p>E-mail: bj kukac allfreedothu<\/p>\n","protected":false},"excerpt":{"rendered":"<p>&nbsp; &nbsp; &nbsp; &nbsp; &nbsp; V\u00e1llalkoz\u00e1s adatai: Ni-Ja Bt. 8500 P\u00e1pa, Hunyadi u. 4. Ad\u00f3sz\u00e1m: 27032349-2-19 C\u00e9gjegyz\u00e9ksz\u00e1m: 19-06-510071 Bejegyz\u0151 b\u00edr\u00f3s\u00e1g: Veszpr\u00e9m V\u00e1rmegyei C\u00e9gb\u00edr\u00f3s\u00e1g C\u00e9g weboldal: www.allfree.hu Telefonsz\u00e1m: + 36 70 332 85 70 E-mail: bj kukac allfreedothu &nbsp; T\u00e1rhelyszolg\u00e1ltat\u00f3: Ni-Ja Bt. 8500 P\u00e1pa, Hunyadi u. 4. Ad\u00f3sz\u00e1m: 27032349-2-19 C\u00e9gjegyz\u00e9ksz\u00e1m: 19-06-510071 Bejegyz\u0151 b\u00edr\u00f3s\u00e1g: Veszpr\u00e9m V\u00e1rmegyei C\u00e9gb\u00edr\u00f3s\u00e1g [&hellip;]<\/p>\n","protected":false},"author":1,"featured_media":0,"parent":0,"menu_order":0,"comment_status":"closed","ping_status":"closed","template":"","meta":{"footnotes":""},"class_list":["post-39","page","type-page","status-publish","hentry"],"_links":{"self":[{"href":"https:\/\/napelem-felulvizsgalat.hu\/index.php\/wp-json\/wp\/v2\/pages\/39","targetHints":{"allow":["GET"]}}],"collection":[{"href":"https:\/\/napelem-felulvizsgalat.hu\/index.php\/wp-json\/wp\/v2\/pages"}],"about":[{"href":"https:\/\/napelem-felulvizsgalat.hu\/index.php\/wp-json\/wp\/v2\/types\/page"}],"author":[{"embeddable":true,"href":"https:\/\/napelem-felulvizsgalat.hu\/index.php\/wp-json\/wp\/v2\/users\/1"}],"replies":[{"embeddable":true,"href":"https:\/\/napelem-felulvizsgalat.hu\/index.php\/wp-json\/wp\/v2\/comments?post=39"}],"version-history":[{"count":2,"href":"https:\/\/napelem-felulvizsgalat.hu\/index.php\/wp-json\/wp\/v2\/pages\/39\/revisions"}],"predecessor-version":[{"id":42,"href":"https:\/\/napelem-felulvizsgalat.hu\/index.php\/wp-json\/wp\/v2\/pages\/39\/revisions\/42"}],"wp:attachment":[{"href":"https:\/\/napelem-felulvizsgalat.hu\/index.php\/wp-json\/wp\/v2\/media?parent=39"}],"curies":[{"name":"wp","href":"https:\/\/api.w.org\/{rel}","templated":true}]}}